t s = 49 - -58. Suppose 5*a = -2*k + s, a - 9 = -2*a. What is the units digit of k?
6
Suppose 4217 = 6*o + 761. What is the units digit of o?
6
Let h = 17 - 15. Let o = h - -3. Suppose -o*t + 118 = -3*k, 94 = 4*t - 4*k + 2*k. What is the units digit of t?
3
Let f = -16 - -708. What is the hundreds digit of f?
6
Let t(g) = 269*g**3 - g**2 + 4*g - 3. What is the units digit of t(1)?
9
Let o(t) = -t**3 + 2*t**2 + 2*t - 2. Let n be o(3). Let u = 1447 - 1515. Let v = n - u. What is the tens digit of v?
6
Let p be ((-10)/(-6))/((-8)/(-24)). What is the units digit of p/20 - 299/(-4)?
5
Suppose -6052 = -2*y + 4*p, p + 114 = 112. What is the units digit of y?
2
Suppose 2*p = 3*r + 595 - 96, 831 = -5*r + 4*p. Let l = r + 419. What is the units digit of l?
2
Suppose -4 = -3*g + 11. Suppose -g*a + 85 + 580 = 0. Let b = 187 - a. What is the tens digit of b?
5
Let n be (-478)/12 - (-2)/(-12). Let y = -36 - n. What is the units digit of y?
4
What is the hundreds digit of 14391/18 + 7 + (-1)/(-2)?
8
What is the tens digit of (-9)/((-81)/(-6)) + 7983/27?
9
Let b = -581 - -756. What is the tens digit of b?
7
Let t(x) = -x**3 + 13*x**2 - 7*x + 1. Let i be t(5). Let j = 261 - i. What is the tens digit of j?
9
Let i be (-120)/(-28)*(1 - -6). Suppose 9*q + i = 6*q. Let j = q - -41. What is the units digit of j?
1
Let u(d) = 11*d**2 + 53*d - 358. What is the tens digit of u(7)?
5
Suppose -16203 - 429 = -12*k. What is the units digit of k?
6
Suppose 4 = -3*x - 8, -5*x + 46 = 2*b. Let f = 44 - b. What is the units digit of f?
1
Suppose -364 = -2*j - 0*j - 3*w, 392 = 2*j - 4*w. Suppose 198*l - 196*l - j = 0. What is the units digit of l?
4
Let b(g) = -g + 18. Suppose -4*m - 4*h + 36 = 0, 36 = 6*m - 2*m - 2*h. Let s = 0 + m. What is the units digit of b(s)?
9
Suppose 5*w + h - 2360 = 4325, -5*h = 4*w - 5369. What is the tens digit of w?
3
What is the units digit of (-34)/(-136) - 127/(-4)?
2
Let p(y) = 45*y**2 + y + 4. What is the hundreds digit of p(3)?
4
Let z(d) = d**3 + 23*d**2 + 42*d - 25. Let t be z(-19). Suppose -3*s + 2*l = -723, -4*s - 2*l + t = -329. What is the hundreds digit of s?
2
Suppose 7*w - 11*w + 4158 = f, -5*f = 3*w - 3110. What is the hundreds digit of w?
0
Let c(b) = 28*b**2 - 17*b + 230. What is the thousands digit of c(8)?
1
Suppose 2*y + 8 = 0, -5*p = -6*y + y - 2615. What is the hundreds digit of p?
5
Let o = -67 + 232. Let t = -40 + o. Suppose -t = -6*v + v. What is the tens digit of v?
2
Suppose -9*o = 5*w - 5*o - 15054, 2*w + 5*o = 6008. What is the tens digit of w?
1
Suppose -2*f + s = -2204 - 577, -4*f + 4*s = -5556. What is the thousands digit of f?
1
Suppose 0*q - 4*b = -5*q + 6297, q + 2*b = 1251. What is the thousands digit of q?
1
Suppose 0 = 56*x + 9*x - 155480. What is the hundreds digit of x?
3
Suppose -4*v - 3*f + 4259 = 0, 0 = 2*v - 3*f + 7*f - 2132. What is the thousands digit of v?
1
Suppose 2*b + b = 30. Suppose 2*q - b = 14. What is the units digit of q/(-42) - (-74)/14?
5
Suppose -901 = -3*m + 5*f, -m = 2*f - 441 + 137. What is the units digit of m?
2
Suppose -c - 11 = a + 19, 0 = 4*c - 5*a + 129. Let j = 61 + c. What is the units digit of j?
0
Suppose 291 = -8*j + 1091. What is the units digit of 1053/5 - (-40)/j?
1
Suppose 0*i + 10*i - 1330 = 0. Suppose 0 = 3*s + 46 - i. What is the units digit of s?
9
Suppose 0 = 4*b - 13 + 1. Suppose x + b - 19 = 0. What is the units digit of 3/(x/10 - 1)?
5
Let b(q) be the second derivative of 11*q**4/12 - 5*q**3/6 - 7*q**2/2 - 14*q. What is the tens digit of b(-2)?
4
Let j = 11 - 9. Let d(p) = 0*p**3 - p**2 + 2*p + 1 - 6*p - p**3 + j*p. What is the units digit of d(-2)?
9
Let a(n) = 3*n**2 + 4*n - 2. Let q be a(-2). Suppose 4 = -0*f + q*f. Suppose f*u - 70 = -3*j, 2*j = -5*u + 163 - 10. What is the units digit of u?
9
Let q(u) = 4*u - 5*u**2 + 43 + 4*u**2 - u**3 - 4*u. Let b be q(0). Let n = b - 16. What is the units digit of n?
7
Let h = -19 + 16. What is the tens digit of ((-22)/h + 0)*33 + -1?
4
Let m = -54 + 90. What is the units digit of ((-12)/18)/((-3)/m)?
8
Suppose -i - 4*x = -7*x - 5, 2*i - 2*x + 2 = 0. What is the tens digit of (1 - 2) + 57 + i/2?
5
Suppose -4*w + 0*m - 279 = m, 96 = -w + 5*m. Let j = w - -120. What is the tens digit of j?
4
Suppose 0 = 2*u + 46 - 56. What is the units digit of u?
5
Let y(n) = -139*n - 171. What is the hundreds digit of y(-14)?
7
Suppose 3*x = 15, -10*q + 12*q - 3*x - 185 = 0. What is the hundreds digit of q?
1
Suppose -62 = 4*p + 3*z, z - 40 = 3*p - 0*z. Let v(g) = -g + 8. What is the units digit of v(p)?
2
Let x(w) = 188*w**2 + w. Let a be x(1). Suppose a = g + 2*g. Let k = g - 32. What is the tens digit of k?
3
Let j(d) = -d + 14. Let o be j(10). Suppose -5*y = -o*s - 1, -3*s - y + 6 = 2*s. What is the units digit of 3/3 - s - -1?
1
Suppose 3*i + 2*i = -2*t + 11, -2*t = 3*i - 5. Let o(v) = -10*v - v**2 - 2 + 0*v**2 + i - 6. What is the units digit of o(-5)?
0
Let t = -819 + 1514. What is the tens digit of t?
9
Let p be (-3 - -27)/3 + (0 - 4). Suppose 359 = 9*t - 7*t + 5*l, 0 = -p*t - 4*l + 688. What is the tens digit of t?
6
Let d = -7 + 73. What is the tens digit of d?
6
Let c = -4 - -4. Suppose 3*s + 3*t - 15 = c, -4*t = s + t - 5. Suppose 4*g - 2 = -s*h - 1, -3*h = -3*g + 21. What is the units digit of g?
4
Suppose -4*g = j + 3*j - 1404, j - 2*g - 345 = 0. What is the tens digit of j?
4
What is the units digit of (-4 - (-3 - 0))*2428/(-2)?
4
Let p(o) be the first derivative of o**4/4 + 8*o**3/3 + 9*o**2/2 + 9*o - 5. Let d be p(-7). Let q = d + 16. What is the units digit of q?
1
Let z(b) = b**2 - 5*b - 4. Let k be 4 + -3 + 5 + 0. Let q be z(k). Suppose -l + 34 = 3*o, -9 = -q*o - o. What is the units digit of l?
5
Suppose 7*r - 2 - 26 = 0. Suppose 3*h - 58 = 4*u + 20, 2*h - r*u = 48. What is the tens digit of h?
3
Let o(z) = 6*z**2 - 3*z - 6. Let b(d) = -d**2 - d. Let s(u) = 2*b(u) + o(u). What is the tens digit of s(-3)?
4
What is the tens digit of 2/12*3 - 5159/(-14)?
6
Suppose 19 - 3 = 4*w, -3*d = 4*w - 28. Suppose 0 = -u + g + 16, -d*u + 3*g = u - 90. Suppose i + i - 46 = -4*r, u = 2*r + 3*i. What is the units digit of r?
2
Let g be (-3 - 0) + 3/1. Let d = 5 + g. What is the units digit of d?
5
Suppose 46 = f - v, 4*f + v - 4*v - 185 = 0. Suppose b = 56 + f. What is the hundreds digit of b?
1
Let n(h) = 52*h**2 - h - 8. What is the units digit of n(-3)?
3
What is the units digit of -15*5/(-15)*27?
5
Let c be 1 + -18*(-25)/10. Let l = 102 - c. What is the tens digit of l?
5
Let g(m) = 2*m**3 - 8*m**2 - 3*m + 15. Let v be g(6). Let p = v - 81. What is the tens digit of p/(-1 - (-2 + 0))?
6
Let y(l) = -l**2 + 83*l + 329. What is the hundreds digit of y(65)?
4
Let t be 15/6*((-18)/(-15) + 0). Suppose 15 = t*o, -4*c + 3*o = -573 - 440. What is the tens digit of c?
5
Suppose 5*z + 398 + 62 = 0. Let r = z + 153. Let i = r - 43. What is the units digit of i?
8
Let b = -26 + 24. What is the units digit of 13/(-2)*(0 + b)?
3
Let p = 211 - 120. Let i = -54 + p. What is the tens digit of i?
3
Let a(c) = 3*c**2 - c. Let d be a(-1). Suppose 32 = p + d. What is the units digit of (-75)/(-4) - (-7)/p?
9
Let v(y) = y + 17. Suppose 5*w = 2*k + 26, -5*k + w = -2*k + 26. Let i be v(k). What is the units digit of ((-4)/(-1) - 2) + i?
1
Suppose -s - 3*j + 45 + 866 = 0, 2737 = 3*s + 5*j. What is the tens digit of s?
1
Let c = 5 + 160. Suppose 4*b - 7*b = -c. What is the tens digit of b?
5
Let a = -132 + 150. Suppose 360 = a*v - 13*v. What is the units digit of v?
2
Let u = -8 - -8. Let p(f) = f**2 - f + 10. Let t be p(u). Suppose -4*j = -14 - t. What is the units digit of j?
6
Suppose 188*s = 179*s + 13149. What is the hundreds digit of s?
4
Suppose -20 = 5*d + 355. Let c = 137 + d. What is the tens digit of c?
6
What is the thousands digit of (10 + -8000)*(-1 - 12/(-20))?
3
Let r(w) = 3*w**2 - 2*w - 3. Let g be r(5). Let d = 92 - g. Suppose 20 + d = 5*t. What is the tens digit of t?
1
Let r = 1320 - -983. What is the hundreds digit of r?
3
What is the hundreds digit of 4730/(-33)*(-54)/30?
2
Let b = -113 + 91. Let c = 195 + b. What is the units digit of c?
3
Suppose -36*n + 9155 + 5965 = 0. What is the tens digit of n?
2
Let r(l) = l**3 - 6*l**2 + l - 18. Let w be r(6). What is the units digit of 45/w*(-1 + -39)?
0
Suppose -5*h = 5*x, -3*h + x = -2*